at is -11 - -10011100210221022?
10011100210221011
In base 9, what is -103 - -112606?
112503
In base 7, what is 542021245 - 16?
542021226
In base 5, what is -344120024312 + -3?
-344120024320
In base 4, what is 2232 - 122320232?
-122312000
In base 15, what is -114 - -27ba1d?
27b909
In base 2, what is -100000111100 + 10100000011110?
1111111100010
In base 12, what is 3305 + -1aa9?
1418
In base 6, what is 0 - 11045524530?
-11045524530
In base 5, what is -24432301 - 1121?
-24433422
In base 13, what is 0 + -2cc4705?
-2cc4705
In base 11, what is 55742 - -155a?
571a1
In base 6, what is -535 + -105123134?
-105124113
In base 12, what is 11 - 388819?
-388808
In base 4, what is 2012120023 - 21?
2012120002
In base 15, what is -381cb - -12?
-381b9
In base 4, what is 231011 + -3002012?
-2111001
In base 8, what is 5 - -23204535?
23204542
In base 5, what is 2 + -33223330444?
-33223330442
In base 15, what is 7d - -753928?
7539a6
In base 14, what is -3 - -258906?
258903
In base 8, what is -5 + 3667605?
3667600
In base 2, what is -1 + -1110000001111011011001?
-1110000001111011011010
In base 9, what is -30321 + 84?
-30226
In base 14, what is 3b - 4ba6a3?
-4ba666
In base 8, what is -5 - 205611552?
-205611557
In base 9, what is -178 - -78204?
78015
In base 2, what is -1000111 + 1000111111111011001?
1000111111110010010
In base 11, what is -8a949 + -2547?
-92395
In base 11, what is -34 + -2197?
-2220
In base 10, what is 1468 - 2499?
-1031
In base 6, what is -2111400 - 324?
-2112124
In base 4, what is 220322320013 - 210?
220322313203
In base 14, what is -201cc + -6?
-201d4
In base 2, what is -111100101101111 + -10000?
-111100101111111
In base 9, what is 32 - 538814?
-538772
In base 2, what is -10100111010101110111101 - -101?
-10100111010101110111000
In base 15, what is -71532b - 4?
-715330
In base 12, what is 7 - 180751?
-180746
In base 9, what is -6 + 441341?
441334
In base 6, what is 3 + -100514113?
-100514110
In base 7, what is 22222043 - 14?
22222026
In base 14, what is -501 - 3728?
-3c29
In base 7, what is -341 - -64542?
64201
In base 3, what is 1 + -201002012110122122?
-201002012110122121
In base 15, what is -1b1c5 + 55e?
-1ab66
In base 16, what is 46c35 + -1b?
46c1a
In base 12, what is -169 + -a93a?
-aaa7
In base 7, what is -4233054 - 25?
-4233112
In base 3, what is -212 + -110022211111?
-110022212100
In base 6, what is 124 + -2022055?
-2021531
In base 16, what is -3 - 5d7651e?
-5d76521
In base 16, what is -1e01 + 1d95?
-6c
In base 6, what is -1152142 - -254?
-1151444
In base 14, what is -2c3 - 596b?
-5c50
In base 15, what is -ae5120 + -5?
-ae5125
In base 14, what is 115d0a + 25?
115d31
In base 4, what is -1301002101 - -1022?
-1301001013
In base 11, what is -8585 + 429?
-8157
In base 5, what is 14 - -103204121103?
103204121122
In base 5, what is -11 + -12032423131?
-12032423142
In base 4, what is -10100 - 11333102?
-12003202
In base 14, what is 44825a + 9?
448265
In base 8, what is 4115256 - -13?
4115271
In base 14, what is -c75a3 + 8ad?
-c6ad4
In base 11, what is -4053a02 + -a1?
-4053aa3
In base 3, what is -121211220020 - -10012212?
-121201200101
In base 15, what is 31 + 708b59?
708b8a
In base 16, what is -70e49 - -2?
-70e47
In base 13, what is 63 - 406cc?
-40669
In base 16, what is -9 - 45a5?
-45ae
In base 6, what is 21313043 - 3?
21313040
In base 7, what is -6123554 + -2154?
-6126041
In base 8, what is 1734762 - -437?
1735421
In base 6, what is -14525 - 3423055?
-3442024
In base 6, what is 43 + -225114111?
-225114024
In base 13, what is -11 + 55aca1?
55ac90
In base 13, what is -6 - 113ca867?
-113ca870
In base 15, what is -31525 - c6e?
-32294
In base 2, what is 10011000111101011000 + -1001001?
10011000111100001111
In base 5, what is -110334442 + 41?
-110334401
In base 15, what is -5d + d768?
d70a
In base 6, what is 50222324 + 13?
50222341
In base 8, what is 5704133 + -653?
5703260
In base 16, what is 415 - -f23?
1338
In base 14, what is c9 + b64?
c4d
In base 12, what is 3 + 956111?
956114
In base 8, what is 433223 + -371?
432632
In base 5, what is -1323 + 1104113?
1102240
In base 7, what is -26622 + 14455?
-12134
In base 4, what is -10011 - -12331310?
12321233
In base 6, what is 35023450 + 4?
35023454
In base 6, what is 11221 - -15114?
30335
In base 3, what is 1122202002 - 200011?
1122001221
In base 11, what is 2747 + -4a966?
-4821a
In base 4, what is 2211131103 + 102?
2211131211
In base 8, what is -7 - -200354626?
200354617
In base 14, what is -17ca8d5 + 3?
-17ca8d2
In base 5, what is 11 + -10412420042?
-10412420031
In base 10, what is 3763 + 3664?
7427
In base 7, what is 1332 - -240264?
241626
In base 16, what is -63213 - 264?
-63477
In base 14, what is -765b + -1b63a?
-24c97
In base 5, what is 43001 - 323430?
-230424
In base 12, what is -87 - -b50?
a85
In base 11, what is 211 - 304a73?
-304862
In base 8, what is -5 + 24240317?
24240312
In base 9, what is -226 - -48013?
47676
In base 15, what is 121ed27 - 4?
121ed23
In base 11, what is 328911 - 3?
328909
In base 4, what is -231211203022 + 3?
-231211203013
In base 11, what is -6053 + 2199?
-3965
In base 6, what is 215050 - 2314?
212332
In base 12, what is -126 - -47b80?
47a56
In base 2, what is 10001010001 - 100110111100110100?
-100110101011100011
In base 11, what is -51 - 387495?
-387536
In base 6, what is 0 + 1220524540?
1220524540
In base 8, what is -3142 - -477?
-2443
In base 5, what is 240000 - -11000?
301000
In base 14, what is c3c + 1498?
22d6
In base 12, what is 43a614 - -5b?
43a673
In base 3, what is -220010 + -22011001200?
-22011221210
In base 2, what is 1000100011001000011101001101 + -100?
1000100011001000011101001001
In base 7, what is 5 - -201602422?
201602430
In base 8, what is 5 - -223622015?
223622022
In base 5, what is -343 - -344334140?
344333242
In base 13, what is 2a4 + 404a8?
4077c
In base 15, what is 307c - 625?
2957
In base 2, what is 11100001011110011100110 + 11?
11100001011110011101001
In base 12, what is -4ba365 - -156?
-4ba20b
In base 11, what is -1167244 - -33?
-1167211
In base 7, what is 53355 + -10160?
43165
In base 9, what is -1 - 173802738?
-173802740
In base 4, what is -1030223331 + 13213?
-1030210112
In base 14, what is -387 - 8b93?
-913a
In base 9, what is 2 + -4405243?
-4405241
In base 6, what is -5 - -513230202?
513230153
In base 6, what is -2 - 3444250421?
-3444250423
In base 4, what is 22310023312 + 3?
22310023321
In base 4, what is 211301110 - -2012?
211303122
In base 8, what is 321763 + 31?
322014
In base 13, what is 58b39b8 + 1?
58b39b9
In base 3, what is 1 + -2121110012102?
-2121110012101
In base 6, what is -25 - -544304141?
544304112
In base 4, what is 22100 - 11002222331?
-11002200231
In base 12, what is -69672 - 169?
-6981b
In base 15, what is 15928 - -6d5?
1610d
In base 10, what is 7974 - -11500?
19474
In base 11, what is 912 - -732?
1544
In base 3, what is -20 - -10210102212201?
10210102212111
In base 15, what is a3e + 445?
e84
In base 16, what is 19c0 + -38f?
1631
In base 14, what is 2a5c0a - 25?
2a5bc5
In base 13, what is -268 + 269?
1
In base 8, what is -102774 - 35?
-103031
In base 2, what is 111111101111110100 + -10000101?
111111101101101111
In base 8, what is -10 - 12076223?
-12076233
In base 16, what is db39835 + -5?
db39830
In base 8, what is -127031 + 3406?
-123423
In base 14, what is 2252 + 8d42?
b194
In base 3, what is 202 - -201010001212?
201010002121
In base 14, what is 67842d + -9?
678424
In base 11, what is 162695a4 + -4?
162695a0
In base 15, what is 39128e - 3?
39128b
In base 9, what is -7 + -124788?
-124806
In base 7, what is 240263352 - 6?
240263343
In base 16, what is -17d5d9 + 70?
-17d569
In base 2, what is 1010000101001110101 + 1111100?
1010000101011110001
In base 11, what is -80712420 - 5?
-80712425
In base 14, what is 4a4b22 - 1d?
4a4b03
In base 13, what is -40 - -8298a0?
829860
In base 15, what is -575785 - -4?
-575781
In base 5, what is 0 - 221123434012?
-221123434012
In base 8, what is 1065553 - -150?
1065723
In base 9, what is 5220 - -7053?
13273
In base 4, what is -1101313 - -12232212?
11130233
In base 9, what is 35105 + -11150?
23845
In base 4, what is 1001331 + 211?
1002202
In base 13, what is -9 - -2a8c2?
2a8b6
In base 13, what is -2 - -413467?
413465
In base 9, what is 1 + 33814141?
33814142
In base 11, what is 1625289a + -13?